, what is 10 - 10111000110?
-10111000100
In base 16, what is -4 + 23?
1f
In base 13, what is 9 - 23a?
-231
In base 16, what is -f64 - -3?
-f61
In base 4, what is 210 - -10?
220
In base 9, what is -1 + 352?
351
In base 4, what is -21 - 31?
-112
In base 3, what is -1102 + 0?
-1102
In base 7, what is 5 + -1?
4
In base 6, what is -5434 - 5?
-5443
In base 6, what is -3354 - -5?
-3345
In base 5, what is 32 + -40?
-3
In base 6, what is 3241 - -1?
3242
In base 16, what is -7 - 5?
-c
In base 11, what is 17 - 2?
15
In base 16, what is -6 + -15?
-1b
In base 12, what is 9 + 0?
9
In base 9, what is -112 + 12?
-100
In base 6, what is 14 + 20531?
20545
In base 3, what is 20010 + -101?
12202
In base 8, what is -1 - -325?
324
In base 3, what is -111 + 11120?
11002
In base 14, what is 0 + -6c?
-6c
In base 10, what is -60 - 3?
-63
In base 8, what is -60 - -311?
231
In base 14, what is 1409 - -1?
140a
In base 11, what is -2 - -5a?
58
In base 15, what is 0 + c3?
c3
In base 5, what is 44034 + 2?
44041
In base 9, what is -4742 - -2?
-4740
In base 7, what is -5 + 3?
-2
In base 14, what is -dd + -1?
-100
In base 8, what is -1 - 500?
-501
In base 7, what is -4232 - -3?
-4226
In base 7, what is -11 - 105?
-116
In base 8, what is 13 - -2072?
2105
In base 12, what is -1 - 49?
-4a
In base 8, what is -345 - 4?
-351
In base 10, what is 74 - -2?
76
In base 3, what is 11220 - -220?
12210
In base 10, what is 5 + 454?
459
In base 4, what is -3 + -232?
-301
In base 13, what is 1 + -83?
-82
In base 14, what is c - -14?
22
In base 15, what is -5d - 104?
-162
In base 11, what is 35 - 6a?
-35
In base 12, what is 12b7 + 1?
12b8
In base 11, what is -2 + -2439?
-2440
In base 12, what is -17 + 36?
1b
In base 8, what is -202 - 5?
-207
In base 8, what is 251 + -1?
250
In base 4, what is 13320 + 10?
13330
In base 7, what is 3 - 45?
-42
In base 4, what is 103320 - 100?
103220
In base 4, what is -223 - 2?
-231
In base 8, what is -5 - -555?
550
In base 4, what is -2032 - -3?
-2023
In base 8, what is -4 + -652?
-656
In base 14, what is 1 - 23?
-22
In base 14, what is 3 + 38?
3b
In base 2, what is 110010010 - -1100?
110011110
In base 8, what is 30 + -2?
26
In base 4, what is 1 + -101?
-100
In base 8, what is -7 - 2?
-11
In base 13, what is 0 - -40?
40
In base 8, what is 1 - 3?
-2
In base 16, what is 1f + 0?
1f
In base 4, what is 1000331 + -11?
1000320
In base 11, what is 197 - 42?
155
In base 3, what is 1022112 - -2?
1022121
In base 3, what is -2 - -1210?
1201
In base 11, what is 13115 - -3?
13118
In base 16, what is 1 - 4c4?
-4c3
In base 2, what is -10101 - -11101?
1000
In base 14, what is b22 + 0?
b22
In base 7, what is 1 - -25?
26
In base 5, what is -10 + 303?
243
In base 10, what is -14 + -1859?
-1873
In base 7, what is 5 - 2243?
-2235
In base 13, what is 9c + -5?
97
In base 14, what is -16 - -3?
-13
In base 8, what is -22 - 23?
-45
In base 4, what is 10 + -202100?
-202030
In base 14, what is 84 + -37?
4b
In base 8, what is 202 + -76?
104
In base 4, what is -10332 + -13?
-11011
In base 11, what is 0 + -742?
-742
In base 3, what is -10 - 211?
-221
In base 3, what is -212001 - -11?
-211220
In base 3, what is -2221010011 + -10?
-2221010021
In base 9, what is -244 + 1?
-243
In base 8, what is 2 - 354?
-352
In base 14, what is -242 + -7?
-249
In base 15, what is -2 - 22?
-24
In base 8, what is -1 - 100?
-101
In base 7, what is -2 + 344?
342
In base 11, what is -5 - -8?
3
In base 12, what is -14 - 1?
-15
In base 9, what is 3345 - 0?
3345
In base 16, what is -a49f + -3?
-a4a2
In base 7, what is 33511 + 3?
33514
In base 10, what is 11 + -1785?
-1774
In base 16, what is -3 + -8f2?
-8f5
In base 8, what is 132 - 5?
125
In base 13, what is -59 - 0?
-59
In base 16, what is a2e + 1?
a2f
In base 11, what is -1 + -45?
-46
In base 4, what is -332 - -231?
-101
In base 13, what is 2 - -44?
46
In base 7, what is -4 - -55?
51
In base 4, what is 0 - -110233?
110233
In base 6, what is 314 - -42?
400
In base 9, what is 2 - -5043?
5045
In base 12, what is -2 + -a2?
-a4
In base 8, what is -433 - 5?
-440
In base 12, what is 5 - -2298?
22a1
In base 10, what is -519 + -2?
-521
In base 11, what is -2 - -a5?
a3
In base 15, what is 1 + 2e?
30
In base 2, what is 110010 - 10?
110000
In base 2, what is -100 + 101101011?
101100111
In base 16, what is 1 - d4?
-d3
In base 15, what is 2 + 378?
37a
In base 2, what is -100010110 - -101?
-100010001
In base 8, what is -1 - -107?
106
In base 4, what is 312 + 2?
320
In base 11, what is 3 + -23?
-20
In base 7, what is 14 - 21?
-4
In base 12, what is 287 + -1?
286
In base 12, what is 242 + 5?
247
In base 16, what is -5 + -2b3?
-2b8
In base 6, what is -312 + 24?
-244
In base 7, what is 101 - -341?
442
In base 5, what is 0 - 24?
-24
In base 12, what is -4 - -471?
469
In base 9, what is -25 - -6?
-18
In base 11, what is 11 - 1a?
-9
In base 9, what is -1162 + -22?
-1184
In base 10, what is -29 - 76?
-105
In base 2, what is -100 - -10101?
10001
In base 6, what is -1 + 235?
234
In base 4, what is 2 - 121211?
-121203
In base 6, what is -4 - -10?
2
In base 5, what is 110404 + 4?
110413
In base 16, what is -4 - -ad1?
acd
In base 10, what is 79 + 146?
225
In base 7, what is -315 - 6?
-324
In base 8, what is -21 - 36?
-57
In base 6, what is -40 + 35?
-1
In base 11, what is -859 + 3?
-856
In base 4, what is 0 - 1?
-1
In base 8, what is 15 - 1105?
-1070
In base 10, what is 2 + 80?
82
In base 13, what is 1 - -290?
291
In base 8, what is 2466 + 3?
2471
In base 11, what is -12a + 0?
-12a
In base 16, what is 0 - 331?
-331
In base 9, what is 10 - -2?
12
In base 6, what is 241255 - 3?
241252
In base 6, what is 3 - 452?
-445
In base 12, what is -71 - bb?
-170
In base 14, what is 5 - 19b?
-196
In base 2, what is -10011100 - -1?
-10011011
In base 15, what is 2e - -2c?
5b
In base 10, what is 67 + 94?
161
In base 12, what is -5 + -1?
-6
In base 12, what is 5 - 1b?
-16
In base 10, what is 571 - -1?
572
In base 11, what is 16 - -11a2?
1208
In base 5, what is -212 + 2214?
2002
In base 9, what is 27 + 26?
54
In base 8, what is 36 - 0?
36
In base 2, what is -101001011001110 + 11?
-101001011001011
In base 4, what is -212023 - -12?
-212011
In base 10, what is 1654 - -4?
1658
In base 15, what is 1 - 76?
-75
In base 8, what is -10 - -51?
41
In base 15, what is 1be + c?
1cb
In base 10, what is 1 + -383?
-382
In base 4, what is 1123000 - -2?
1123002
In base 5, what is -1404 - 3?
-1412
In base 11, what is -356 - -18?
-339
In base 5, what is -11 - -141?
130
In base 8, what is 6 - -11246?
11254
In base 7, what is 5 + 3026?
3034
In base 11, what is 5 - -8a?
94
In base 7, what is 503 - -2?
505
In base 6, what is -5 - -103?
54
In base 2, what is -1010001 - -1111?
-1000010
In base 15, what is 47 + 9?
51
In base 12, what is 2914 + 4?
2918
In base 2, what is -110 + 111001?
110011
In base 16, what is -4 + -4c?
-50
In base 14, what is a1 + 9?
aa
In base 8, what is -1 + -207?
-210
In base 9, what is -4 + 175?
171
In base 12, what is -31 + -312?
-343
In base 14, what is -63b2 - -1?
-63b1
In base 5, what is -12200 - 1?
-12201
In base 16, what is 167 - 4?
163
In base 6, what is 2 - -11?
13
In base 16, what is -10f + -13?
-122
In base 3, what is -2010011 + -1?
-2010012
In base 8, what is -617 - 10?
-627
In base 6, what is -21 + 1?
-20
In base 13, what is 4c - -32?
81
In base 4, what is 0 + 23?
23
In base 9, what is -157 - 14?
-172
In base 14, what is 17 + -3?
14
In base 13, what is 5 - 74?
-6c
In base 6, what is 51 - 30?
21
In base 5, what is 402 + -230?
122
In base 10, what is 22 + -13?
9
In base 10, what is -2 + 429?
427
In base 3, what is 120 - 2?
111
In base 16, what is -de + -5?
-e3
In base 9, what is 7 - -12?
20
In base 3, what is 11012 + 11?
11100
In base 6, what is -25 + -222?
-251
In base 7, what is 31330 + -1?
31326
In base 9, what is 42145 - 4?
42141
In base 2, what is -10 + -1010000?
-1010010
In base 12, what is 10 + 128?
138
In base 2, what is -1 - 11000?
-11001
In base 3, what is -2101201 + 11?
-2101120
In base 13, what is 9 + 44?
50
In base 11, what is 5 + 463?
468
In base 10, what is -2519 + 4?
-2515
In base 8, what is -7 - 16?
-25
In base 16, what is -229 - 5?
-22e
In base 4, what is -2210 + -1?
-2211
In base 10, what is -200 - -9?
-191
In base 14, what is 1 + 11?
12
In base 10, what is -55 - -5?
-50
In base 2, what